{"id":113,"date":"2015-10-22T14:34:37","date_gmt":"2015-10-22T14:34:37","guid":{"rendered":"http:\/\/test.kriesi.at\/construction\/?page_id=113"},"modified":"2025-10-21T08:33:10","modified_gmt":"2025-10-21T08:33:10","slug":"architecture","status":"publish","type":"page","link":"https:\/\/v1.icerunners.team\/index.php\/service\/architecture\/","title":{"rendered":"Eddy"},"content":{"rendered":"<div  class='avia-slideshow av-3zt6y1-8022b3bd62227cbe4d296664f89d1c6e avia-slideshow-featured_large av_slideshow avia-fade-slider  avia-builder-el-0  el_before_av_one_full  avia-builder-el-first  av-slideshow-ui av-control-hidden av-no-slider-navigation av-hide-nav-arrows av-slideshow-autoplay av-loop-endless av-loop-manual-endless av-default-height-applied avia-slideshow-1' data-slideshow-options=\"{&quot;animation&quot;:&quot;fade&quot;,&quot;autoplay&quot;:true,&quot;loop_autoplay&quot;:&quot;endless&quot;,&quot;interval&quot;:5,&quot;loop_manual&quot;:&quot;manual-endless&quot;,&quot;autoplay_stopper&quot;:false,&quot;noNavigation&quot;:true,&quot;bg_slider&quot;:false,&quot;keep_padding&quot;:false,&quot;hoverpause&quot;:false,&quot;show_slide_delay&quot;:0}\"  itemprop=\"image\" itemscope=\"itemscope\" itemtype=\"https:\/\/schema.org\/ImageObject\" ><ul class='avia-slideshow-inner ' style='padding-bottom: 102.28013029316%;'><li  class='avia-slideshow-slide av-3zt6y1-8022b3bd62227cbe4d296664f89d1c6e__0  slide-1 slide-odd'><div data-rel='slideshow-1' class='avia-slide-wrap '   ><img decoding=\"async\" fetchpriority=\"high\" class=\"wp-image-363 avia-img-lazy-loading-not-363\"  src=\"https:\/\/v1.icerunners.team\/wp-content\/uploads\/2025\/10\/eddy-1.png\" width=\"614\" height=\"628\" title='eddy-1' alt=''  itemprop=\"thumbnailUrl\" srcset=\"https:\/\/v1.icerunners.team\/wp-content\/uploads\/2025\/10\/eddy-1.png 614w, https:\/\/v1.icerunners.team\/wp-content\/uploads\/2025\/10\/eddy-1-293x300.png 293w, https:\/\/v1.icerunners.team\/wp-content\/uploads\/2025\/10\/eddy-1-36x36.png 36w\" sizes=\"(max-width: 614px) 100vw, 614px\" \/><\/div><\/li><li  class='avia-slideshow-slide av-3zt6y1-8022b3bd62227cbe4d296664f89d1c6e__1  slide-2 slide-even'><div data-rel='slideshow-1' class='avia-slide-wrap '   ><img decoding=\"async\" fetchpriority=\"high\" class=\"wp-image-83 avia-img-lazy-loading-not-83\"  src=\"https:\/\/v1.icerunners.team\/wp-content\/uploads\/2015\/10\/scale-ruler-on-blueprints-1500x630.jpg\" width=\"1500\" height=\"630\" title='Scale Ruler on Blueprints' alt=''  itemprop=\"thumbnailUrl\"   \/><\/div><\/li><li  class='avia-slideshow-slide av-3zt6y1-8022b3bd62227cbe4d296664f89d1c6e__2  slide-3 slide-odd'><div data-rel='slideshow-1' class='avia-slide-wrap '   ><img decoding=\"async\" fetchpriority=\"high\" class=\"wp-image-87 avia-img-lazy-loading-not-87\"  src=\"https:\/\/v1.icerunners.team\/wp-content\/uploads\/2015\/10\/team-banner2.jpg\" width=\"1500\" height=\"630\" title='team-banner2' alt=''  itemprop=\"thumbnailUrl\" srcset=\"https:\/\/v1.icerunners.team\/wp-content\/uploads\/2015\/10\/team-banner2.jpg 1500w, https:\/\/v1.icerunners.team\/wp-content\/uploads\/2015\/10\/team-banner2-300x126.jpg 300w, https:\/\/v1.icerunners.team\/wp-content\/uploads\/2015\/10\/team-banner2-1030x433.jpg 1030w, https:\/\/v1.icerunners.team\/wp-content\/uploads\/2015\/10\/team-banner2-768x323.jpg 768w, https:\/\/v1.icerunners.team\/wp-content\/uploads\/2015\/10\/team-banner2-705x296.jpg 705w\" sizes=\"(max-width: 1500px) 100vw, 1500px\" \/><\/div><\/li><li  class='avia-slideshow-slide av-3zt6y1-8022b3bd62227cbe4d296664f89d1c6e__3  slide-4 slide-even'><div data-rel='slideshow-1' class='avia-slide-wrap '   ><img decoding=\"async\" fetchpriority=\"high\" class=\"wp-image-100 avia-img-lazy-loading-not-100\"  src=\"https:\/\/v1.icerunners.team\/wp-content\/uploads\/2015\/10\/house-interior-1500x630.jpg\" width=\"1500\" height=\"630\" title='House interior' alt=''  itemprop=\"thumbnailUrl\"   \/><\/div><\/li><\/ul><div class='avia-slideshow-arrows avia-slideshow-controls' ><a href='#prev' class='prev-slide  avia-svg-icon avia-font-svg_entypo-fontello' data-av_svg_icon='left-open-big' data-av_iconset='svg_entypo-fontello' tabindex='-1' title=\"Zur\u00fcck\"><svg version=\"1.1\" xmlns=\"http:\/\/www.w3.org\/2000\/svg\" width=\"15\" height=\"32\" viewBox=\"0 0 15 32\" preserveAspectRatio=\"xMidYMid meet\" aria-labelledby='av-svg-title-1' aria-describedby='av-svg-desc-1' role=\"graphics-symbol\" aria-hidden=\"true\">\n<title id='av-svg-title-1'>Zur\u00fcck<\/title>\n<desc id='av-svg-desc-1'>Zur\u00fcck<\/desc>\n<path d=\"M14.464 27.84q0.832 0.832 0 1.536-0.832 0.832-1.536 0l-12.544-12.608q-0.768-0.768 0-1.6l12.544-12.608q0.704-0.832 1.536 0 0.832 0.704 0 1.536l-11.456 11.904z\"><\/path>\n<\/svg><span class='avia_hidden_link_text'>Zur\u00fcck<\/span><\/a><a href='#next' class='next-slide  avia-svg-icon avia-font-svg_entypo-fontello' data-av_svg_icon='right-open-big' data-av_iconset='svg_entypo-fontello' tabindex='-1' title=\"Weiter\"><svg version=\"1.1\" xmlns=\"http:\/\/www.w3.org\/2000\/svg\" width=\"15\" height=\"32\" viewBox=\"0 0 15 32\" preserveAspectRatio=\"xMidYMid meet\" aria-labelledby='av-svg-title-2' aria-describedby='av-svg-desc-2' role=\"graphics-symbol\" aria-hidden=\"true\">\n<title id='av-svg-title-2'>Weiter<\/title>\n<desc id='av-svg-desc-2'>Weiter<\/desc>\n<path d=\"M0.416 27.84l11.456-11.84-11.456-11.904q-0.832-0.832 0-1.536 0.832-0.832 1.536 0l12.544 12.608q0.768 0.832 0 1.6l-12.544 12.608q-0.704 0.832-1.536 0-0.832-0.704 0-1.536z\"><\/path>\n<\/svg><span class='avia_hidden_link_text'>Weiter<\/span><\/a><\/div><\/div>\n\n<style type=\"text\/css\" data-created_by=\"avia_inline_auto\" id=\"style-css-av-3g9c7l-ecdb33d4a846f58ebc144551a63a5abb\">\n#top .flex_column.av-3g9c7l-ecdb33d4a846f58ebc144551a63a5abb{\nmargin-top:0px;\nmargin-bottom:0px;\n}\n.flex_column.av-3g9c7l-ecdb33d4a846f58ebc144551a63a5abb{\nborder-radius:0px 0px 0px 0px;\npadding:0px 0px 0px 0px;\n}\n.responsive #top #wrap_all .flex_column.av-3g9c7l-ecdb33d4a846f58ebc144551a63a5abb{\nmargin-top:0px;\nmargin-bottom:0px;\n}\n<\/style>\n<div  class='flex_column av-3g9c7l-ecdb33d4a846f58ebc144551a63a5abb av_one_full  avia-builder-el-1  el_after_av_slideshow  el_before_av_one_full  first flex_column_div av-animated-generic bottom-to-top av-zero-column-padding  '     ><p>\n<style type=\"text\/css\" data-created_by=\"avia_inline_auto\" id=\"style-css-av-bmqxl-74859a7363a2e36c26d4156fea8dbbba\">\n#top .av-special-heading.av-bmqxl-74859a7363a2e36c26d4156fea8dbbba{\npadding-bottom:0;\n}\nbody .av-special-heading.av-bmqxl-74859a7363a2e36c26d4156fea8dbbba .av-special-heading-tag .heading-char{\nfont-size:25px;\n}\n.av-special-heading.av-bmqxl-74859a7363a2e36c26d4156fea8dbbba .av-subheading{\nfont-size:15px;\n}\n<\/style>\n<div  class='av-special-heading av-bmqxl-74859a7363a2e36c26d4156fea8dbbba av-special-heading-h2 blockquote modern-quote  avia-builder-el-2  el_before_av_hr  avia-builder-el-first '><h2 class='av-special-heading-tag '  itemprop=\"headline\"  >Edd Ice<\/h2><div class=\"special-heading-border\"><div class=\"special-heading-inner-border\"><\/div><\/div><\/div><br \/>\n\n<style type=\"text\/css\" data-created_by=\"avia_inline_auto\" id=\"style-css-av-33a6b5-04a5e92148ee5c6d7ce0f25212e9a914\">\n#top .hr.av-33a6b5-04a5e92148ee5c6d7ce0f25212e9a914{\nmargin-top:10px;\nmargin-bottom:10px;\n}\n.hr.av-33a6b5-04a5e92148ee5c6d7ce0f25212e9a914 .hr-inner{\nwidth:50px;\nborder-color:#efbb20;\n}\n<\/style>\n<div  class='hr av-33a6b5-04a5e92148ee5c6d7ce0f25212e9a914 hr-custom  avia-builder-el-3  el_after_av_heading  avia-builder-el-last  hr-left hr-icon-no'><span class='hr-inner inner-border-av-border-fat'><span class=\"hr-inner-style\"><\/span><\/span><\/div><\/p><\/div>\n\n<style type=\"text\/css\" data-created_by=\"avia_inline_auto\" id=\"style-css-av-2xzw01-c0d84a0188d7eff53d1d20f53d70b9ad\">\n#top .flex_column.av-2xzw01-c0d84a0188d7eff53d1d20f53d70b9ad{\nmargin-top:0px;\nmargin-bottom:0px;\n}\n.flex_column.av-2xzw01-c0d84a0188d7eff53d1d20f53d70b9ad{\nborder-radius:0px 0px 0px 0px;\npadding:0px 0px 0px 0px;\n}\n.responsive #top #wrap_all .flex_column.av-2xzw01-c0d84a0188d7eff53d1d20f53d70b9ad{\nmargin-top:0px;\nmargin-bottom:0px;\n}\n<\/style>\n<div  class='flex_column av-2xzw01-c0d84a0188d7eff53d1d20f53d70b9ad av_one_full  avia-builder-el-4  el_after_av_one_full  el_before_av_one_half  first flex_column_div av-animated-generic bottom-to-top av-zero-column-padding  column-top-margin'     ><section  class='av_textblock_section av-2o4kc1-80d92289cc19fb4399d5c5d2257b6634 '   itemscope=\"itemscope\" itemtype=\"https:\/\/schema.org\/CreativeWork\" ><div class='avia_textblock'  itemprop=\"text\" ><p class=\"wp-block wp-block-kubio-text  position-relative wp-block-kubio-text__text style-y2t-1Jw9CX-text style-local-52-text\" style=\"text-align: center;\" data-kubio=\"kubio\/text\"><strong>Paragon of Beauty Edd Ice<\/strong><\/p>\n<p style=\"text-align: center;\"><strong>R\u00fcde<\/strong><\/p>\n<p style=\"text-align: center;\"><strong>geb. 14.07.2023<\/strong><\/p>\n<p style=\"text-align: center;\"><strong>Farbe schwarz-wei\u00df<\/strong><\/p>\n<p style=\"text-align: center;\"><strong>Augen braun\/blau<\/strong><\/p>\n<\/div><\/section><\/div>\n\n<style type=\"text\/css\" data-created_by=\"avia_inline_auto\" id=\"style-css-av-1gzd7l-40a1872ad6785e3bd062d7397acc7630\">\n.flex_column.av-1gzd7l-40a1872ad6785e3bd062d7397acc7630{\nborder-radius:0px 0px 0px 0px;\npadding:0px 0px 0px 0px;\n}\n<\/style>\n<div  class='flex_column av-1gzd7l-40a1872ad6785e3bd062d7397acc7630 av_one_half  avia-builder-el-6  el_after_av_one_full  el_before_av_one_half  first flex_column_div av-animated-generic bottom-to-top av-zero-column-padding  column-top-margin'     ><p>\n<style type=\"text\/css\" data-created_by=\"avia_inline_auto\" id=\"style-css-av-1a0cy1-e66a26cee51c4526e066a73fd4971e3d\">\n#top .av-special-heading.av-1a0cy1-e66a26cee51c4526e066a73fd4971e3d{\npadding-bottom:0;\n}\nbody .av-special-heading.av-1a0cy1-e66a26cee51c4526e066a73fd4971e3d .av-special-heading-tag .heading-char{\nfont-size:25px;\n}\n.av-special-heading.av-1a0cy1-e66a26cee51c4526e066a73fd4971e3d .av-subheading{\nfont-size:15px;\n}\n<\/style>\n<div  class='av-special-heading av-1a0cy1-e66a26cee51c4526e066a73fd4971e3d av-special-heading-h2 blockquote modern-quote  avia-builder-el-7  el_before_av_hr  avia-builder-el-first '><h2 class='av-special-heading-tag '  itemprop=\"headline\"  >pedigree certificate<\/h2><div class=\"special-heading-border\"><div class=\"special-heading-inner-border\"><\/div><\/div><\/div><br \/>\n\n<style type=\"text\/css\" data-created_by=\"avia_inline_auto\" id=\"style-css-av-127os1-f358d09469d0dd3a445ea1b3d143e1e3\">\n#top .hr.av-127os1-f358d09469d0dd3a445ea1b3d143e1e3{\nmargin-top:10px;\nmargin-bottom:10px;\n}\n.hr.av-127os1-f358d09469d0dd3a445ea1b3d143e1e3 .hr-inner{\nwidth:50px;\nborder-color:#efbb20;\n}\n<\/style>\n<div  class='hr av-127os1-f358d09469d0dd3a445ea1b3d143e1e3 hr-custom  avia-builder-el-8  el_after_av_heading  el_before_av_textblock  hr-left hr-icon-no'><span class='hr-inner inner-border-av-border-fat'><span class=\"hr-inner-style\"><\/span><\/span><\/div><br \/>\n\n<style type=\"text\/css\" data-created_by=\"avia_inline_auto\" id=\"style-css-av-wy02p-0c86c44f639959814656955401955580\">\n#top .av_textblock_section.av-wy02p-0c86c44f639959814656955401955580 .avia_textblock{\ncolor:#000000;\n}\n<\/style>\n<section  class='av_textblock_section av-wy02p-0c86c44f639959814656955401955580 '   itemscope=\"itemscope\" itemtype=\"https:\/\/schema.org\/CreativeWork\" ><div class='avia_textblock av_inherit_color'  itemprop=\"text\" ><\/div><\/section><\/p><\/div>\n\n<style type=\"text\/css\" data-created_by=\"avia_inline_auto\" id=\"style-css-av-so36h-1b8e7c9a2a46234e348abea28a7ec52b\">\n.flex_column.av-so36h-1b8e7c9a2a46234e348abea28a7ec52b{\nborder-radius:0px 0px 0px 0px;\npadding:0px 0px 0px 0px;\n}\n<\/style>\n<div  class='flex_column av-so36h-1b8e7c9a2a46234e348abea28a7ec52b av_one_half  avia-builder-el-10  el_after_av_one_half  el_before_av_one_full  flex_column_div av-animated-generic bottom-to-top av-zero-column-padding  column-top-margin'     ><style type=\"text\/css\" data-created_by=\"avia_inline_auto\" id=\"style-css-av-mpd8p-59b356720804bb73db99d618211068a6\">\n.avia-image-container.av-mpd8p-59b356720804bb73db99d618211068a6 img.avia_image{\nbox-shadow:none;\n}\n.avia-image-container.av-mpd8p-59b356720804bb73db99d618211068a6 .av-image-caption-overlay-center{\ncolor:#ffffff;\n}\n<\/style>\n<div  class='avia-image-container av-mpd8p-59b356720804bb73db99d618211068a6 av-styling-no-styling avia-align-center  avia-builder-el-11  avia-builder-el-no-sibling '   itemprop=\"image\" itemscope=\"itemscope\" itemtype=\"https:\/\/schema.org\/ImageObject\" ><div class=\"avia-image-container-inner\"><div class=\"avia-image-overlay-wrap\"><img decoding=\"async\" fetchpriority=\"high\" class='wp-image-79 avia-img-lazy-loading-not-79 avia_image ' src=\"https:\/\/v1.icerunners.team\/wp-content\/uploads\/2015\/10\/architect-handling-keys-to-a-couple-845x684.jpg\" alt='' title='Architect handling keys to a couple'  height=\"684\" width=\"845\"  itemprop=\"thumbnailUrl\" srcset=\"https:\/\/v1.icerunners.team\/wp-content\/uploads\/2015\/10\/architect-handling-keys-to-a-couple-845x684.jpg 845w, https:\/\/v1.icerunners.team\/wp-content\/uploads\/2015\/10\/architect-handling-keys-to-a-couple-495x400.jpg 495w\" sizes=\"(max-width: 845px) 100vw, 845px\" \/><\/div><\/div><\/div><\/div>\n\n<style type=\"text\/css\" data-created_by=\"avia_inline_auto\" id=\"style-css-av-hhp2h-159dfb5713abb9fd55fabd188729e44c\">\n.flex_column.av-hhp2h-159dfb5713abb9fd55fabd188729e44c{\nborder-width:1px;\nborder-color:#e1e1e1;\nborder-style:solid;\nborder-radius:0px 0px 0px 0px;\npadding:20px 20px 20px 20px;\nbackground-color:#fcfcfc;\n}\n<\/style>\n<div  class='flex_column av-hhp2h-159dfb5713abb9fd55fabd188729e44c av_one_full  avia-builder-el-12  el_after_av_one_half  avia-builder-el-last  first flex_column_div av-animated-generic bottom-to-top  column-top-margin'     ><style type=\"text\/css\" data-created_by=\"avia_inline_auto\" id=\"style-css-av-bnmkh-13f55f26426d9f9067af6ecc3412f7e5\">\n#top .av_textblock_section.av-bnmkh-13f55f26426d9f9067af6ecc3412f7e5 .avia_textblock{\ncolor:#000000;\n}\n<\/style>\n<section  class='av_textblock_section av-bnmkh-13f55f26426d9f9067af6ecc3412f7e5 '   itemscope=\"itemscope\" itemtype=\"https:\/\/schema.org\/CreativeWork\" ><div class='avia_textblock av_inherit_color'  itemprop=\"text\" ><p style=\"text-align: center;\">Eddy ist der stille Chef des Rudels \u2013 ruhig, bedacht und mit einem Herzen, das gr\u00f6\u00dfer nicht sein k\u00f6nnte.<\/p>\n<p style=\"text-align: center;\">Er wacht \u00fcber alle, besch\u00fctzt sanft und tr\u00e4gt eine nat\u00fcrliche St\u00e4rke in sich, die man sofort sp\u00fcrt.<br \/>\n<br data-start=\"400\" data-end=\"403\" \/>Auf der Strecke zeigt er Kraft und Ausdauer, im Alltag seine treue, liebevolle Art.<br \/>\nEr sucht die N\u00e4he, liebt das Kuscheln und schenkt einem dieses Gef\u00fchl, dass alles gut ist, solange er da ist.<\/p>\n<\/div><\/section><\/div>\n","protected":false},"excerpt":{"rendered":"","protected":false},"author":1,"featured_media":83,"parent":25,"menu_order":0,"comment_status":"closed","ping_status":"closed","template":"","meta":{"footnotes":""},"class_list":["post-113","page","type-page","status-publish","has-post-thumbnail","hentry"],"_links":{"self":[{"href":"https:\/\/v1.icerunners.team\/index.php\/wp-json\/wp\/v2\/pages\/113","targetHints":{"allow":["GET"]}}],"collection":[{"href":"https:\/\/v1.icerunners.team\/index.php\/wp-json\/wp\/v2\/pages"}],"about":[{"href":"https:\/\/v1.icerunners.team\/index.php\/wp-json\/wp\/v2\/types\/page"}],"author":[{"embeddable":true,"href":"https:\/\/v1.icerunners.team\/index.php\/wp-json\/wp\/v2\/users\/1"}],"replies":[{"embeddable":true,"href":"https:\/\/v1.icerunners.team\/index.php\/wp-json\/wp\/v2\/comments?post=113"}],"version-history":[{"count":8,"href":"https:\/\/v1.icerunners.team\/index.php\/wp-json\/wp\/v2\/pages\/113\/revisions"}],"predecessor-version":[{"id":386,"href":"https:\/\/v1.icerunners.team\/index.php\/wp-json\/wp\/v2\/pages\/113\/revisions\/386"}],"up":[{"embeddable":true,"href":"https:\/\/v1.icerunners.team\/index.php\/wp-json\/wp\/v2\/pages\/25"}],"wp:featuredmedia":[{"embeddable":true,"href":"https:\/\/v1.icerunners.team\/index.php\/wp-json\/wp\/v2\/media\/83"}],"wp:attachment":[{"href":"https:\/\/v1.icerunners.team\/index.php\/wp-json\/wp\/v2\/media?parent=113"}],"curies":[{"name":"wp","href":"https:\/\/api.w.org\/{rel}","templated":true}]}}